c = -46*q. Suppose 0 = -5*i - 3*g + 40, 5*i = -g + q*g. What are the prime factors of i?
5
Let x(c) = 46*c - 36. Let u(s) = -s - 1. Let o(m) = -3*u(m) - x(m). What are the prime factors of o(-13)?
2, 13, 23
Let b be -10*((-4)/30)/(6/18). Suppose b*j - 56070 = 14*j. What are the prime factors of (-2)/14 + j/(-147)?
2, 19
Suppose 0 = 4*p + 3*p - 28. Suppose 0 = -5*v + 2*i + 941, 0*i + p*i + 748 = 4*v. Let r = 281 - v. What are the prime factors of r?
2, 23
Let m = -5402 - -11755. What are the prime factors of m?
6353
Let l be (-5)/30*0*1/1. What are the prime factors of l - ((-8)/(-10) - 31344/30)?
2, 3, 29
Let d be (-14)/(-4)*(7 + -15). Let v be d/(-8)*28/(-2). List the prime factors of (v/(-7))/(2/8).
2, 7
What are the prime factors of (-9597)/84*(2 + -6 + 3)*208?
2, 13, 457
Let q = -71 - -51. Let m be (5 + (1 - 3))/(6/8). What are the prime factors of m/(-10) - (2 - (-708)/q)?
3, 11
Suppose -7*g + 1998 + 382 = 0. Let p = g - 159. Suppose -3*c + 108 = t - 395, -3*t = c - p. List the prime factors of c.
2, 83
What are the prime factors of ((-666)/5)/(52/20 + -3)?
3, 37
Suppose 100*p - 62784 = -9784. What are the prime factors of p?
2, 5, 53
Suppose -k - 129 = b + 4*k, -2*b - 4*k = 246. Let g = -45 - b. What are the prime factors of g?
2, 37
Let j(s) = -s**3 - 3*s**2 - 2*s - 26. Let p be 1 + -11 - (-3 + 2). What are the prime factors of j(p)?
2, 239
Let a be (-1 + (-7)/(-5))/((-2)/(-910)). Suppose 0*p - 24 = -4*p. Let w = a - p. What are the prime factors of w?
2, 11
Let t = 6 - 3. Let p(s) = -3*s**3 + s**2 + 8*s + 3. Let k(h) = 5*h**3 - 7*h. Let q(z) = k(z) + p(z). List the prime factors of q(t).
3, 23
Let b(t) = -t**3 + t**2 - 21. Let u be b(0). Suppose -9 = 3*w + 3*h, -3*h = 62*w - 66*w - 54. What are the prime factors of u/(2/(w + 5))?
2, 3, 7
Let k(c) = c**3 - 4*c**2 - 2*c + 5. Let x(u) = u**3 + 12*u**2 - 13*u + 6. Let d be 1/(212/(-52) + 4). Let i be x(d). What are the prime factors of k(i)?
5, 13
Let d be -4 + -1 + (-15 - -11). Let a = 15 - -99. Let v = d + a. What are the prime factors of v?
3, 5, 7
Suppose -5*b = -0*b - 25. Suppose -16 = b*f - 2856. Suppose 0 = -4*m + f + 312. What are the prime factors of m?
2, 5, 11
Suppose -5*c = 4*d + 50, -12*d - c = -8*d + 42. List the prime factors of 4 + d + 264/2.
2, 3, 7
Let d = -540 + 616. What are the prime factors of (-1 - -10)/(d/4712)?
2, 3, 31
Suppose 0 = -2*y - 3*l - 5, -5*y = -y + l - 5. Suppose 0 = 11*c - 199 + 199. Suppose -4*n + y*p + 281 + 241 = c, -393 = -3*n + 2*p. List the prime factors of n.
3, 43
Suppose 6*a - 2*a = -5*a. Suppose a*h + 126 = 6*h. Let k = h - -18. What are the prime factors of k?
3, 13
Let t = 425 + -1667. Let u = -704 - t. List the prime factors of u.
2, 269
Suppose 9*u - 5*u - 5508 = 0. Suppose 19*s - u = 10*s. What are the prime factors of s?
3, 17
Let d = 204 + -200. List the prime factors of d/(-1)*-62*(4 - 2).
2, 31
Let j(f) = -32*f - 4. Let b be j(-3). Suppose 4*r - 4*r = -3*o + 2*r, 0 = 3*o + r. Suppose -z + 3*v + 2*v + b = 0, o = 3*v + 3. List the prime factors of z.
3, 29
Let g be 9/(-12)*4 - -166. Suppose 0 = 2*m - 69 - g. List the prime factors of m.
2, 29
Let z = 74700 - 53071. List the prime factors of z.
43, 503
Suppose 0 = -z + 4 - 1. Let w(u) = -u**2 + 2*u + 5. Let n be w(z). Suppose -87 = -n*j + 75. What are the prime factors of j?
3
Let a(w) = w**3 - 4*w**2 + 2*w - 5. Let v be a(4). Suppose v*y = x + 2742, 5*y + x - 4553 = -3*x. What are the prime factors of y?
11, 83
Suppose 0*p + 5*p = 5. Let a be (12/10)/(-3*p/30). What are the prime factors of 297/(-6)*16/a?
2, 3, 11
List the prime factors of -33*7454/(-4)*(-228)/(-342).
11, 3727
Let z(x) = x**3 + 83*x**2 + 42*x + 98. What are the prime factors of z(-38)?
2, 31741
Let p(s) = -30*s**3 - 12*s**2 - s + 120. What are the prime factors of p(-10)?
2, 5, 11, 263
Let d = -1084 + 2793. Let q = -971 + d. What are the prime factors of q?
2, 3, 41
Let g(q) = 16*q**2 + 209*q + 375. What are the prime factors of g(-40)?
5, 13, 271
Let s = -284 - -284. Suppose -q + 24 + 1116 = s. What are the prime factors of q?
2, 3, 5, 19
Let b(l) = 125*l - 1009. What are the prime factors of b(23)?
2, 3, 311
Suppose 0 = 4*q + 4*q + 32. List the prime factors of (-704 + 22)*2/q.
11, 31
Suppose 4*r = 3*u + 48, -2*u - 2*r = u + 66. Let i = u - -22. Suppose -i*c + 9*c = 91. What are the prime factors of c?
13
Let y(a) = 2*a + 9. Let t be y(8). Suppose 0 = -2*f + 4*c + 72, -4*f + f - 3*c = -153. Let g = f + t. List the prime factors of g.
71
List the prime factors of (-5830460)/(-185) + (-3)/(-1).
43, 733
Suppose -78*r + 809520 = -48*r. List the prime factors of r.
2, 3373
Let k = 666 - 656. Suppose k*z = 4276 + 994. What are the prime factors of z?
17, 31
Let a(x) = 34*x**2 + 72*x + 10. What are the prime factors of a(-11)?
2, 7, 17
Suppose -2*a - 6*f + 292 = -2*f, -3*f = -6. Suppose -2*h = -3*x - 77, a - 41 = -4*x + 3*h. Let y = x + 78. List the prime factors of y.
7
Let z(n) = 461*n**2 + 24*n. Let f be z(4). Suppose 38*k - 10578 = f. What are the prime factors of k?
5, 19
Let c = -3790 + 12542. List the prime factors of c.
2, 547
Suppose 35*b - 59432 = 40898 + 4915. What are the prime factors of b?
31, 97
Let b(a) = -28*a + 35. Let j(w) = -36 + 16 - w**2 + 37 + 11*w. Let u be j(13). What are the prime factors of b(u)?
7, 41
Let l be 0/((-10)/(-4) - (-12)/(-24)). Suppose -39*t + 7983 + 63387 = l. List the prime factors of t.
2, 3, 5, 61
Suppose -4*y + 3180 = -7*y. Let u(l) = 9*l - 1. Let w be u(1). List the prime factors of 6/w + y/(-16).
67
Let n = -28 - -85. Let s = -54 + n. Suppose l - s*a = 27, -4*a = 4*l - 40 - 20. What are the prime factors of l?
2, 3
Let m = 383 - 378. Suppose -1200 = -m*n - 0*n - 5*a, -1194 = -5*n + a. List the prime factors of n.
239
Suppose -695131 = -35*m + 579009. List the prime factors of m.
2, 19, 479
Let u be (1 + 6 + -6)*(-4)/(-2). Let a be (-8636)/30 + u/(-15). What are the prime factors of a/(-2) + (-2)/(-1)?
2, 73
Let n = 6415 - 4616. What are the prime factors of n?
7, 257
Suppose -5*c = -63*c + 406. List the prime factors of (7 - c - 1) + 863.
2, 431
Suppose 5*n = 893 - 998. What are the prime factors of ((37716/(-9))/7)/(14/n)?
2, 449
Let a(v) = 686*v**3 - 7*v**2 + 3*v - 70. What are the prime factors of a(4)?
2, 3, 37, 197
Let i = 2275 - 840. Let g = -856 + i. What are the prime factors of g?
3, 193
Let g = 39 - 32. Suppose g*z - z = 36. Suppose -z = -3*c - 0, 0 = -3*x + 5*c + 47. What are the prime factors of x?
19
Suppose 132*i + 7111984 = 268*i. What are the prime factors of i?
2, 11, 2377
Let l(v) = 94*v + 6406. List the prime factors of l(5).
2, 3, 191
Let t be 86/129*(-2 + (-91)/(-2)). What are the prime factors of 49/(-8) + t/232 - -1040?
2, 11, 47
Let l = 120 - 121. Let p be 5 + (3 - (l + 51)). What are the prime factors of (3 + 0)*(17 + p/7)?
3, 11
Suppose 0 = 3*y - 3*j - 21708, 2*y + 10*j - 14452 = 8*j. List the prime factors of y.
7, 1033
Let s = 12 + -6. What are the prime factors of (-34)/8 - s/(-24) - -656?
2, 163
List the prime factors of (-77)/(9625/582150)*-5.
2, 3, 3881
Suppose -5591 = -i - 686*y + 689*y, -3*y = 3. List the prime factors of i.
2, 11, 127
Let w be (-2 + 4/14)/((-6)/903). Let f = w + 414. List the prime factors of f.
2, 3, 7
Let i(o) = 23*o**2 - 2200*o - 55. List the prime factors of i(107).
2, 13, 67
Let c(f) = -16*f + 63. Let n be c(4). List the prime factors of (69/12)/(10/8 + n).
23
Let u(s) = s**3 - 13*s**2 - 18*s + 8. Suppose -11*d = -d - 160. What are the prime factors of u(d)?
2, 61
Let i be 8/16*(1 + 1). Let g(w) = w**3 - w**2 - w + 1. Let v be g(i). List the prime factors of v - (-17 + (-5 - -3)).
19
Let k(w) = -w**3 + 8*w**2 + 9*w + 3. Let h be k(9). Let y(q) = -69*q**h + 0*q + q + 12*q**2 + 2 - 13*q**2. List the prime factors of y(-1).
3, 23
Let x = -758 + 1606. Suppose -10*h = -26*h + x. What are the prime factors of h?
53
Suppose 3*b = -86*m + 90*m - 24066, 6022 = m + 2*b. What are the prime factors of m?
2, 3, 17, 59
Let d = -38417 + 79924. What are the prime factors of d?
41507
Let u(y) = -3539*y + 1567. List the prime factors of u(-4).
3, 1747
Suppose 2*t + t = -3*m - 6, -2*m - 4*t - 10 = 0. Let k(z) = -2 + m + 3 - z**2 + 37 + 22*z. What are the prime factors of k(14)?
151
Suppose 2*j + 160 = 3*n + 12, 0 = 4*n - 3*j - 197. Let 